f 20163?
False
Is 17 a factor of 26292?
False
Is 17 a factor of 5423?
True
Is 10 a factor of 4223?
False
Does 51 divide 2840?
False
Does 16 divide 864?
True
Is 24 a multiple of 12?
True
Is 1331 a multiple of 121?
True
Is 70 a factor of 1260?
True
Is 6 a factor of 1334?
False
Does 71 divide 2476?
False
Does 3 divide 2777?
False
Is 125 a factor of 1825?
False
Does 3 divide 147?
True
Is 4080 a multiple of 16?
True
Is 2439 a multiple of 100?
False
Is 3570 a multiple of 15?
True
Does 22 divide 5368?
True
Is 4732 a multiple of 91?
True
Is 8 a multiple of 3?
False
Is 70 a factor of 700?
True
Is 20 a factor of 1011?
False
Is 42 a factor of 756?
True
Is 949 a multiple of 42?
False
Is 71924 a multiple of 271?
False
Does 25 divide 800?
True
Is 7638 a multiple of 37?
False
Is 93 a factor of 12962?
False
Is 10 a factor of 670?
True
Is 24 a factor of 12875?
False
Does 3 divide 51?
True
Does 11 divide 3662?
False
Is 145 a multiple of 3?
False
Is 5183 a multiple of 73?
True
Is 32 a factor of 1347?
False
Does 14 divide 10644?
False
Does 53 divide 954?
True
Is 87542 a multiple of 13?
True
Does 27 divide 621?
True
Is 12 a factor of 492?
True
Does 66 divide 1056?
True
Does 37 divide 2776?
False
Does 56 divide 382?
False
Is 9 a factor of 405?
True
Is 17 a factor of 697?
True
Is 918 a multiple of 9?
True
Is 77 a factor of 11166?
False
Does 146 divide 8274?
False
Does 3 divide 3912?
True
Does 9 divide 9324?
True
Is 49 a factor of 101499?
False
Does 34 divide 1219?
False
Is 2 a factor of 621?
False
Is 3777 a multiple of 63?
False
Is 21 a factor of 1911?
True
Is 27 a factor of 708?
False
Is 7015 a multiple of 39?
False
Is 23625 a multiple of 25?
True
Does 29 divide 7999?
False
Is 5822 a multiple of 41?
True
Does 13 divide 5546?
False
Does 8 divide 1290?
False
Is 68 a factor of 680?
True
Does 13 divide 8759?
False
Does 36 divide 1584?
True
Is 3 a factor of 350?
False
Is 1907 a multiple of 82?
False
Does 36 divide 72?
True
Does 144 divide 2841?
False
Does 86 divide 172?
True
Does 39 divide 8301?
False
Is 44 a factor of 8580?
True
Is 28385 a multiple of 38?
False
Is 2 a factor of 6?
True
Does 17 divide 6647?
True
Is 70810 a multiple of 194?
True
Is 8 a factor of 454?
False
Is 47946 a multiple of 61?
True
Is 218 a factor of 73135?
False
Is 21 a factor of 1386?
True
Is 47 a factor of 69458?
False
Does 86 divide 8073?
False
Is 121 even?
False
Does 17 divide 72930?
True
Is 30962 a multiple of 30?
False
Is 934 a multiple of 33?
False
Does 18 divide 2663?
False
Is 40 a factor of 8720?
True
Does 61 divide 33428?
True
Does 176 divide 3344?
True
Does 15 divide 24540?
True
Is 13200 a multiple of 55?
True
Does 22 divide 618?
False
Is 81780 a multiple of 319?
False
Does 3 divide 1557?
True
Does 31 divide 11247?
False
Is 14546 a multiple of 147?
False
Does 9 divide 18324?
True
Is 458 a multiple of 30?
False
Does 75 divide 1575?
True
Is 130 a factor of 36430?
False
Does 5 divide 2035?
True
Does 7 divide 340?
False
Is 13 a factor of 25285?
True
Does 4 divide 388?
True
Is 58 a factor of 4408?
True
Is 30 a factor of 3540?
True
Is 104 a factor of 415?
False
Does 54 divide 20466?
True
Is 1897 a multiple of 9?
False
Is 177 a factor of 12524?
False
Is 14 a factor of 3626?
True
Does 73 divide 561?
False
Does 54 divide 1350?
True
Does 62 divide 725?
False
Does 11 divide 1438?
False
Does 50 divide 122?
False
Is 59472 a multiple of 144?
True
Does 26 divide 1818?
False
Does 16 divide 400?
True
Is 24 a factor of 360?
True
Is 16 a factor of 672?
True
Is 3 a factor of 31677?
True
Is 8 a factor of 25400?
True
Is 407 a factor of 17501?
True
Is 2 a factor of 2402?
True
Is 296 a factor of 26936?
True
Is 61 a factor of 978?
False
Is 82 a factor of 25174?
True
Is 3 a factor of 35028?
True
Is 18 a factor of 27649?
False
Does 36 divide 9002?
False
Is 6688 a multiple of 62?
False
Does 17 divide 17206?
False
Does 29 divide 754?
True
Does 277 divide 23414?
False
Does 8 divide 224?
True
Is 412 a multiple of 15?
False
Does 3 divide 610?
False
Is 80 a factor of 3316?
False
Is 17 a factor of 10948?
True
Does 8 divide 144?
True
Is 1457 a multiple of 31?
True
Is 11 a factor of 145?
False
Is 18 a factor of 367?
False
Is 26 a factor of 51792?
True
Is 2695 a multiple of 13?
False
Does 13 divide 13686?
False
Does 13 divide 371?
False
Is 8016 a multiple of 46?
False
Does 50 divide 5200?
True
Does 25 divide 1750?
True
Is 38 a factor of 10784?
False
Does 15 divide 81720?
True
Is 206 a factor of 15480?
False
Is 40 a factor of 958?
False
Does 18 divide 177?
False
Does 20 divide 2895?
False
Does 5 divide 71?
False
Is 15 a factor of 812?
False
Is 326 a multiple of 3?
False
Does 74 divide 809?
False
Does 55 divide 990?
True
Is 27 a factor of 2945?
False
Does 32 divide 13223?
False
Does 39 divide 8333?
False
Is 26 a factor of 7930?
True
Is 1264 a multiple of 96?
False
Does 104 divide 35502?
False
Does 26 divide 1664?
True
Is 8 a factor of 120?
True
Is 159 a factor of 11997?
False
Does 2 divide 6?
True
Is 534 a multiple of 6?
True
Is 6 a factor of 273?
False
Is 91 a factor of 2877?
False
Is 12 a factor of 348?
True
Is 105 a multiple of 21?
True
Is 60 a factor of 13961?
False
Does 55 divide 6676?
False
Does 9 divide 4972?
False
Does 40 divide 68415?
False
Is 404 a factor of 68106?
False
Is 67 a factor of 1407?
True
Is 490 a multiple of 10?
True
Is 2 a factor of 438?
True
Is 6 a factor of 144?
True
Does 12 divide 20916?
True
Does 2 divide 43?
False
Is 68 a factor of 3060?
True
Does 44 divide 8844?
True
Does 5 divide 240?
True
Does 9 divide 4081?
False
Is 3249 a multiple of 171?
True
Does 3 divide 543?
True
Is 17 a factor of 25785?
False
Is 20 a factor of 2500?
True
Is 16 a factor of 427?
False
Does 52 divide 676?
True
Is 96 a factor of 1208?
False
Is 77 a factor of 21531?
False
Is 70420 a multiple of 10?
True
Is 12 a factor of 2952?
True
Is 70318 a multiple of 12?
False
Is 247 a multiple of 12?
False
Does 139 divide 29725?
False
Does 9 divide 1700?
False
Is 1476 a multiple of 5?
False
Is 20 a factor of 5600?
True
Is 1807 even?
False
Is 496 a multiple of 31?
True
Is 301 a multiple of 18?
False
Does 71 divide 1022?
False
Is 1038 a multiple of 2?
True
Does 107 divide 2782?
True
Is 702 a multiple of 18?
True
Is 12 a factor of 14340?
True
Is 8 a factor of 585?
False
Is 26 a factor of 692?
False
Is 9281 a multiple of 43?
False
Is 32 a factor of 23008?
True
Is 6 a factor of 9372?
True
Does 177 divide 14009?
False
Does 57 divide 3306?
True
Is 8831 a multiple of 169?
False
Is 1242 a multiple of 27?
True
Is 3350 a multiple of 25?
True
Does 61 divide 9743?
False
Does 9 divide 367?
False
Is 6643 a multiple of 13?
True
Does 245 divide 48020?
True
Is 10830 a multiple of 19?
True
Does 21 divide 263?
False
Is 32 a factor of 586?
False
Is 8 a factor of 2224?
True
Is 35336 a multiple of 28?
True
Is 4797 a multiple of 9?
True
Is 14321 a multiple of 57?
False
Is 1426 a multiple of 31?
True
Is 93 a factor of 1107?
False
Is 17 a factor of 323?
True
Is 12 a factor of 516?
True
Is 54 a factor of 1017?
False
Is 624 a multiple of 2?
True
Is 11 a factor of 29865?
True
Does 8 divide 36119?
False
Is 10 a factor of 26240?
True
Is 4 a factor of 456?
True
Is 137241 a multiple of 46?
False
Does 5 divide 700?
True
Is 14 a factor of 82?
False
Is 66 a factor of 42885?
False
Is 20412 a multiple of 27?
True
Is 3082 even?
True
Is 3010 a multiple of 43?
True
Is 11950 a multiple of 126?
False
Is 164 a factor of 656?
True
Does 11 divide 3338?
False
Is 4061 a multiple of 4?
False
Does 6 divide 432?
True
Does 20 divide 5458?
False
Is 23 a factor of 4186?
True
Is 2772 a multiple of 36?
True
Is 1390 a multiple of 23?
False
Is 165 a factor of 11455?
False
Does 7 divide 692?
False
Does 32 divide 21024?
True
Is 3 a factor of 1253?
False
Is 148 a factor of 10277?
False
Is 20 a factor of 268?
False
Does 64 divide 28093?
False
Is 15 a factor of 244?
False
Does 26 divide 2132?
True
Is 37 a factor of 925?
True
Is 9 a multiple of 4?
False
Does 15 divide 222?
False
Does 29 divide 1160?
True
Is 8 a factor of 129?
False
Is 119 a multiple of 9?
False
Does 3 divide 3565?
False
Is 39835 a multiple of 11?
False
Does 29 divide 4959?
True
Does 6 divide 6414?
True
Is 3024 a multiple of 63?
True
Is 6 a factor of 44340?
True
Is 19717 a multiple of 5?
False
Does 175 divide 32989?
False
Does 30